t) = t + 12*t**2 - 12*t**2 + 56*t**2. Is c(j) a prime number?
False
Let q = 151 + -146. Let n(f) = -9781*f**3 - f - 1. Let h be n(-1). Suppose 0*j - q*z - 4883 = -2*j, 5*z + h = 4*j. Is j a prime number?
False
Suppose -5*i = -4*v - 55018, -14*i - 11021 = -15*i - 5*v. Suppose -i = -5*f - 0*j + 3*j, -5*f + 2*j = -11009. Is f prime?
True
Is (-741)/117 + (-1570436)/(-6) a composite number?
True
Suppose -l = 3*g - 11, l + 3*g = 6*g + 17. Let v be (68/l - (-8)/56)*-3. Let r = 34 - v. Is r a prime number?
False
Let p(s) = 10*s**2 - 51*s + 9. Let n be p(5). Suppose 16*u - 14*u = 3*f - 5887, -n*u = -2*f + 3930. Is f a prime number?
False
Let x(t) = t + 16. Let w be x(-12). Suppose -d - w*d = -5. Is 746/d + 5/(-5) a composite number?
True
Suppose -171475734 + 97190659 = -344*d + 310343045. Is d composite?
True
Let v = -155 - -165. Suppose 4*i = 5*n + 1235, 3*i = -6*n + v*n + 927. Is i a composite number?
True
Suppose 6*x + 55 = -77. Let y = 26 + x. Is -4 + 370 - y - 4 composite?
True
Let o = 64 + -69. Is (-48)/120 - 2547/o composite?
False
Let u = -150014 + 250663. Is u composite?
False
Suppose -g = -10*v + 6*v + 4, 2*g = v - 8. Is g/(-30) - 0 - 2197203/(-2115) composite?
False
Suppose 16*q - 25286871 = -35*q. Is q prime?
True
Suppose -12*f - 303 = -7*f + 2*j, 5*j - 127 = 2*f. Let b = -58 - f. Suppose -4*r - 485 = -t, 2*t - b*r = -0*t + 980. Is t composite?
True
Let t(a) = 1 - 4 - 611*a + 5. Is t(-4) a prime number?
False
Let p = -1588 + 1879. Is p prime?
False
Let a be ((-26)/(-3))/(-3 - (-7133)/2373). Let k be (1 - 836) + (1 - 0). Let m = k + a. Is m prime?
False
Suppose -2*j = -2*v + 48648, -v + 8*j = 12*j - 24349. Is v composite?
False
Is 2227866/4*(4/(-6) + 76/57) prime?
True
Let h(q) = -q**3 - 20*q**2 - q - 3. Let a be h(-20). Suppose -4*d - v - 2*v = -a, -5*v - 10 = -d. Is (-2)/d + (-3 - (-6156)/15) a composite number?
True
Let l be 54/13 + (6 - (-560)/(-91)). Let q = -1546 + 2510. Suppose 5*i - 4*v - q = i, l*i - 928 = -5*v. Is i a composite number?
True
Let f = -1 + -6. Let h(d) = -134*d + 17. Let g be h(f). Suppose 0 = x - 0*x + 4, -c - 4*x + g = 0. Is c prime?
True
Let r be (-7 - (-3)/(-3))/((-14)/35). Let t = r + -32. Let c = 11 - t. Is c composite?
False
Let x(j) = -j + 5. Let y be x(-1). Let g be 1*(-23922)/12*(-4)/y. Suppose -103*l - g = -106*l. Is l a prime number?
True
Let l(u) = 3*u**2 - 5 - 2*u + 7 - 2*u**3 - u - u**3. Let z(c) = -c**3 - 15*c**2 + 15*c - 19. Let f be z(-16). Is l(f) prime?
False
Suppose -11*s - 57992 = -0*s. Let l = -3365 - s. Is l prime?
True
Let i be (-3 - ((-4 - -11) + 0))*-2. Is (-8)/i + (5188/20 - 2) composite?
False
Is -28642*(-105)/(-60)*(5 + -7) prime?
False
Suppose -5*j + 4*n = 22, 0*n - 2*n + 14 = -4*j. Let g be ((-1989)/j)/((-18)/(-36)). Suppose 356 + g = 5*a. Is a a composite number?
True
Let j(p) = 10*p + 289. Let f be j(-31). Is (-13848)/f + 48/(-112) prime?
True
Suppose -798*h = -802*h + 148516. Is h prime?
False
Suppose 4*u - 16008 = 4*o, 5*u - o = 7*u - 7998. Suppose 14*p + 318 - u = 0. Is p composite?
False
Suppose -28*b + 258 = -554. Let p(k) = 3*k**2 - 9*k + 129. Is p(b) prime?
False
Let h(d) = 162*d**2 + 11*d + 16. Let t be h(-8). Let v = t - 931. Is v a composite number?
True
Suppose -4*l = -0*l + 2*p - 223808, 4*p = l - 55943. Is l a prime number?
False
Suppose -2887964 - 6789961 = -75*g. Is g prime?
False
Suppose 0 = 85*v - 57589455 + 6744665. Is v a composite number?
True
Let v be ((-8)/(-6))/((-14)/22554)*-1. Suppose -350 - v = -2*o. Is o a prime number?
True
Suppose 3*y - 159604 = -5*u, -3*u + 47439 = -4*y + 260312. Is y a composite number?
True
Let o(q) = -5*q**2 + 69*q + 18. Let v be o(14). Suppose 47*w - 49*w - 4*a = -1770, -v*w - a + 3512 = 0. Is w a composite number?
False
Suppose 5*i - 3*f = 1066894, -4*i + 5*f + 1357896 = 504399. Is i prime?
True
Let t be 36770/14 - (-72)/126. Let i = t + 1562. Is i a composite number?
True
Let g(j) = 1239*j - 34. Let x be g(10). Suppose -2*q + x = -4008. Is q a composite number?
True
Is -12 - -10 - (-2 - -3)/(1/(-497339)) prime?
False
Let k be (-1)/1*(-3 - -8). Suppose 3775 = 14*r - 1265. Is 7/(14/r) - k a composite number?
True
Let n be (-22861278)/(-462) - (-4)/(-14). Let u = -19038 + n. Is u prime?
False
Suppose -4*j + 7 = -1. Suppose r = -j*r - 10932. Is (-16)/(-4)*r/(-16) a prime number?
True
Let f = -38775 + 87584. Is f a prime number?
True
Suppose -2*b = -0*b + 3*s - 20, 10 = 5*s. Suppose 21 - b = 2*w. Suppose 4*d - w*d + 4611 = 0. Is d a prime number?
False
Let v be (-4)/(-14) + -20*6/28. Is 1/v - 12989/(-4) composite?
True
Let s(r) = 8*r**2 + 4914. Let v(d) = -2*d**2 + d - 1. Let x(z) = s(z) + 3*v(z). Is x(0) a composite number?
True
Let v = -31 + -11. Let l = v + 53. Let j(u) = 81*u + 16. Is j(l) composite?
False
Suppose 0 = -m + 3*h + 18651, -25*m - h = -26*m + 18639. Is m prime?
False
Suppose -2*x = -4*j + 4, -6 + 14 = 5*x - j. Suppose i + 4*c = 2469, -1138 = -i - x*c + 1333. Is i a prime number?
True
Suppose -i + 2 = -0. Suppose -j = -5*a + i*a + 129, -4*j = -3*a + 138. Suppose a*f = 40*f + 794. Is f a prime number?
True
Suppose 29*x - 30117895 + 9063880 = -16*x. Is x prime?
True
Let w(x) = 224*x**2 + 70*x + 773. Is w(-9) a prime number?
True
Suppose 48*t - 13*t + 2*t = 4508191. Is t a prime number?
True
Let f be (-22)/(-2) + -13 + 12. Let m(h) = h**3 - 5*h**2 - 13*h - 8. Let b be m(f). Suppose 80 = n - 0*r - 3*r, -4*r + b = 5*n. Is n prime?
False
Suppose -2*y - 3160 + 8886 = 0. Let n = y - 1394. Is n composite?
True
Let g(w) be the first derivative of w**4/4 - w**3/3 - 5*w**2/2 - 10*w - 9. Suppose -4*y + 2*t + 3 + 17 = 0, -4*y + 36 = 2*t. Is g(y) a composite number?
True
Let q be (-301)/(-35) - (-6)/(-10). Suppose -5*p = -15, q*o - 12182 = 3*o + p. Is o a composite number?
False
Let c(o) = 55*o**2 + 65*o - 9. Let r be c(-6). Suppose -5*a + 30 = 10. Suppose r = a*j + 409. Is j a composite number?
False
Let f = -8373 - 214. Let l = -4166 - f. Is l composite?
False
Let m(v) = 515*v**3 - 53*v**2 + 19*v - 44. Is m(5) a prime number?
False
Is (-17)/(-51)*169258*1/(-4)*-6 a composite number?
False
Is (-3 - -2)/((-87)/(-6)) + 65328865/203 composite?
False
Suppose 2*m = 4*h + 2039 + 18359, -3*h = 4*m + 15293. Let o = 8000 + h. Is o composite?
True
Let a(s) = 336*s**2 - 27*s + 13. Is a(12) a composite number?
False
Let f = -103317 - -180128. Is (f/(-35)*-2)/(2/25) composite?
True
Suppose -5*m = -k - 9625, 4*m + 8*k - 5*k = 7719. Let u be 24/(-9)*(-6)/8. Suppose u*c + m = 6592. Is c composite?
False
Let q(g) = -993*g + 1315. Is q(-16) prime?
True
Let c(s) = -3*s**2 + 46*s - 10. Suppose -p + 3*v - 7*v - 30 = 0, -2*p - 5*v = 66. Let w = p - -47. Is c(w) a composite number?
True
Let a = -547 - -279. Let h = 740 + a. Suppose -4*z = x - 1152, -2*z - x = -h - 106. Is z prime?
False
Suppose -24 = -62*o + 66*o. Is o/(-24) - (-70252)/(-32)*-2 a composite number?
False
Let s(v) = 1321*v**2 - 2. Suppose 18 = 2*k + 5*n, k + 3*n - 19 = -2*n. Is s(k) a composite number?
False
Suppose -1611 = -v - 3*f, 4*v - 1020 = -4*f + 5416. Suppose 2*d = -d + v. Let i = d + -279. Is i a prime number?
True
Let s(w) = 729*w - 34. Suppose -86*n + 15 = -81*n. Is s(n) composite?
False
Suppose 2*b + 54084 = 2*i - 85242, -5*b = i - 69651. Suppose -13929 = -z + 3*v, -4*z + i = z + v. Suppose -3*f - 1 = -2*f, 3*f + z = 3*h. Is h composite?
False
Suppose -672*b + 675*b + 21306 = 0. Let w = b - -11963. Is w a composite number?
False
Let b(k) = 2*k**3 + 17*k**2 - 5*k - 15. Let f be b(-13). Let h = 2537 + f. Let z = h - 59. Is z prime?
False
Let x(f) = -f**3 - 22*f**2 - 21*f - 35. Let a be x(-21). Is (-1113)/a*10/3 composite?
True
Let a = 318696 - 212899. Is a a composite number?
True
Let v = 102918 - 69811. Is v a composite number?
False
Suppose -9*p = -23104 - 28799. Suppose 4*h = y + h - 5737, -y = 3*h - p. Suppose -2*m - 6*m = -y. Is m a composite number?
False
Let o(i) = 1142*i - 17. Let j be o(16). Suppose 17*z = 12*z + j. Is z prime?
False
Suppose 2*g = -0*w + 4*w + 82, 5*g + w = 216. Suppose g*a = 29*a + 77434. Is a prime?
True
Suppose c = -4, 2*d + 4*c = -d - 2038. Is (d/(-6))/((-180)/189 - -1) a prime number?
False
Suppose -9 + 3 = -2*q. Suppose -q*n - 40708 - 52541 = 0. Is (-2)/9 - n/27 a prime number?
True
Suppose -2*u - 30*q + 875864 = -25*q, 4*q = 4*u - 1751812. Is u c